nder when a is divided by 8.
7
Suppose -d - 9 = -s - 0, -s = -5*d - 25. What is the remainder when 31 is divided by (d/(-12))/(1/33)?
9
Let a(f) = 0 - 2 + 1 + 10*f. Let m = 141 - 127. What is the remainder when a(4) is divided by m?
11
Suppose -2 + 164 = 2*x + 2*a, 4 = a. What is the remainder when x is divided by 40?
37
Suppose -4*z = -0*z - 4*h - 4, 0 = 5*z - h - 21. Let l(v) = -v**3 - 8*v**2 - 6*v + 15. What is the remainder when l(-7) is divided by z?
3
Suppose -14*s + 11*s = -261. What is the remainder when s is divided by 23?
18
Let c(p) = -p - 5. Let x be c(-7). Suppose x*s = s + 14. What is the remainder when 53 is divided by s?
11
Let d(o) = o**2 - 4*o + 2. What is the remainder when d(-4) is divided by 12?
10
Let a = 28 + -12. Let s = 35 - a. What is the remainder when 54 is divided by s?
16
Let n be 2 + 3/((-6)/(-332)). Suppose 0 = -0*u + 3*u - n. Suppose 3*h - 95 = -2*h. Calculate the remainder when u is divided by h.
18
Suppose d + 5*w = 13, -2*d + 5*w = -6*d + 22. Calculate the remainder when 6 is divided by d.
0
Let b(l) = -l**2 + 3*l + 18. Calculate the remainder when 12 is divided by b(5).
4
Let h be 2 + 0 + -1*2. Let l = 46 + -26. Calculate the remainder when l is divided by 9 + (-2 - (0 + h)).
6
Suppose 0 = -4*o - 4*t + 248, -46 = -o - 4*t + 7*t. What is the remainder when 345 is divided by o?
55
Let p(a) = -3*a + 0 - 5 + 2 - 5. What is the remainder when (-137)/(-3) + (-2)/(-6) is divided by p(-8)?
14
Suppose 225 = 4*t + t. Suppose -71 = -7*v + 41. What is the remainder when t is divided by v?
13
Let b = 53 - 11. What is the remainder when b is divided by 16?
10
Let l(w) = w**3 + 7*w**2 + 4*w - 7. Let h be l(-6). Let q = 7 - h. Suppose 3*t + t - 16 = 0. Calculate the remainder when t is divided by q.
0
Let l(j) be the first derivative of j**2/2 + 6*j - 2. Let m be l(-4). What is the remainder when 16 is divided by 1*m/(-4)*-18?
7
Let b = 21 + -7. Let n = -17 - -21. What is the remainder when b is divided by n?
2
Suppose 6 - 1 = u. Suppose 3*m + 109 = u*h, 71 = 4*h - 0*m + 3*m. Calculate the remainder when h is divided by 7.
6
Suppose -2*x + 52 + 22 = 0. Calculate the remainder when x is divided by 3/(-9)*-15*2.
7
Suppose -5*a + 10*a = 15. Suppose -2*m = q - 24, 5*m = a*m - 8. Calculate the remainder when 125 is divided by q.
29
Suppose 3*n + 3*h = 0, 0*n + 8 = -n + h. What is the remainder when n + 4 + 189/3 is divided by 16?
15
Let z(x) = -x + 9. Let h be z(9). Suppose -2*m = -18 - h. Suppose -1 = 2*u - m. What is the remainder when 5 is divided by u?
1
Let o = -16 - -19. Suppose z - 4 = -7, 5*y = -2*z + 104. Let b = y + -15. Calculate the remainder when b is divided by o.
1
Suppose q + 5 = 13. Suppose 3*o - c = -5, 0 = 4*o + 3*c - 0*c - 15. Suppose -f + 4 + 1 = o. What is the remainder when q is divided by f?
3
Let v = 192 - 78. What is the remainder when v is divided by 39?
36
Let h = -7 + 4. What is the remainder when (h + (-10)/(-4))*-28 is divided by 4?
2
Suppose 0 = 2*z + 1 - 3. Suppose i + 3*g - z = -2*g, -59 = -5*i + 2*g. Let o = 5 - -25. What is the remainder when o is divided by i?
8
Let c be 1 + (3 + -2)*2. Suppose c - 43 = -5*r. Suppose 0 = -u + 2*u - r. What is the remainder when 14 is divided by u?
6
Let o(d) = -2*d - 9. Suppose 4*w - 38 = 5*s, -2*w - 5*s = -4*s - 12. Let x = 12 - w. What is the remainder when o(-8) is divided by x?
2
Suppose -l = -4*l + 111. Calculate the remainder when l is divided by 19.
18
Suppose -2*z - 2*o + 5*o - 2 = 0, 4*z + o = 10. Calculate the remainder when 13 is divided by z.
1
Let x be 75 + -2 + 10/2. Let n be (3/(-2))/((-3)/4). Suppose n*i = 5*i - x. What is the remainder when i is divided by 7?
5
What is the remainder when 6*(120/18 + 1) is divided by (1*3)/(1/4)?
10
Let d = 19 + -5. Let s(b) = -4*b + 16. What is the remainder when s(-6) is divided by d?
12
Suppose -r - 2*f + 17 = 0, -r + 15 = -f + 2*f. Calculate the remainder when r is divided by 7.
6
Let w(s) = -2*s + 28. Suppose 0 = -h - 13 + 44. What is the remainder when h is divided by w(6)?
15
Let p(g) = 2 + g**2 - 5*g - 2*g**2 + 2*g**2. Let f be p(5). Calculate the remainder when 10 is divided by f - 6/(-9)*3.
2
Let d = -6 - -6. Suppose d*o - o = -34. What is the remainder when o is divided by 9?
7
Let b(m) = 30*m**2 + 5*m - 4. What is the remainder when b(1) is divided by 17?
14
Suppose 0 = -5*b + 8*b - 57. Calculate the remainder when 34 is divided by b.
15
Suppose 3*b = -0*b + 6. Suppose -6 - 2 = -b*k. Calculate the remainder when k is divided by 3.
1
Suppose 0*i + i + 193 = 5*p, 4*i = 4*p - 164. Calculate the remainder when 111 is divided by p.
35
Let n = 4 - -6. Suppose -2*z - z - 1 = -4*w, -5*z = 5*w - n. Calculate the remainder when 34 is divided by 0 - ((-19)/z - -1).
16
Calculate the remainder when (78/15)/((-4)/(-10)) is divided by 3.
1
Suppose 6*o + 310 = 11*o. What is the remainder when o is divided by 11?
7
Let z(p) = p**2 - 8*p + 5. Let r be z(10). Suppose 6*i - i - r = 0. Suppose 0 = -i*y + 3 + 7. Calculate the remainder when 3 is divided by y.
1
Suppose 3*w = -2*v - 28, 3*v = 3*w + 25 + 8. Let b(o) = -o**2 - 10*o + 12. What is the remainder when 57 is divided by b(w)?
9
Let h = 1 - 0. Let c(f) = -2*f + 0*f - 8*f + h. What is the remainder when 32 is divided by c(-1)?
10
What is the remainder when (-127)/(-5) + (-2)/5 is divided by 9?
7
Let f = 17 + -10. Let k be (-2010)/(-21) - (-2)/f. Suppose -k = -5*c - 36. What is the remainder when 35 is divided by c?
11
Suppose -5*g + 3 = -2*g. Suppose m - g = 1. Let i = 52 - 47. What is the remainder when i is divided by m?
1
Let z = 7 - -8. Suppose -3*t + 54 = z. Calculate the remainder when -16*-6*4/16 is divided by t.
11
Let n = -63 - -136. Calculate the remainder when n is divided by 25.
23
Let d = -44 + 70. Let r = d + -14. Let l = r - -2. What is the remainder when l is divided by 8?
6
Let g(c) = -c + 8. Calculate the remainder when 5 is divided by g(4).
1
Suppose 4*r - 54 = -2*b, 3*b = -3*r - 0*b + 36. Calculate the remainder when 0/2 + (1 - -56) is divided by r.
12
What is the remainder when 43 is divided by -6*(-4)/8 + 6/1?
7
Let w(t) = 2*t**2 + 10*t + 22. What is the remainder when w(-7) is divided by 13?
11
Let l(u) = 2*u + 12. Let p be l(-5). Suppose -o = h - 5*h + 30, -p*o = -2*h + 12. Calculate the remainder when 21 is divided by h.
5
Let m(d) = -d**2 + 14*d - 19. What is the remainder when (-4)/(-22) - (-284)/11 is divided by m(11)?
12
Let x(u) = -u + 2. Let b be x(-2). Let z = b + 0. Suppose -108 + 32 = -z*v. What is the remainder when v is divided by 7?
5
Let p = -33 - -46. What is the remainder when 24 is divided by p?
11
Suppose -8 - 2 = -2*g. Suppose -2 = z + g. What is the remainder when 17 is divided by 20*(-3 + z/(-2))?
7
Suppose 8 = 2*l - n, 0 = -5*l + 3*n + 20. Let s(c) = -c**3 - 6*c**2 + c + 13. Calculate the remainder when s(-6) is divided by (-2)/l*(-4 - 0).
1
Let b = 0 + 3. Suppose 0 = 3*h + b*m + 3, h - 2*h + 4*m = -19. Calculate the remainder when 7 is divided by h.
1
Suppose -4*n + 84 = 2*v, 81 = 2*v + v - 3*n. Suppose -2*q = -3*q + v. Calculate the remainder when q is divided by 11.
10
Let b = -16 - -26. Suppose -n - 2*j = -14, -n - n = -2*j - b. What is the remainder when ((-2)/(-3))/(1/33) is divided by n?
6
Suppose 2*t + 26 = y - 37, 4*y - t = 217. What is the remainder when y is divided by 6?
5
Let p = -14 - -8. What is the remainder when 16 is divided by (-2)/p + 26/3?
7
Let c(d) = d**3 - 8*d**2 + d - 1. Suppose -2*l - p - 3 = -4, 4*p + 18 = 3*l. Suppose 0 = -l*b + 40. Calculate the remainder when b is divided by c(8).
6
Suppose 3*r - 311 = q + 3*q, 0 = 3*r - 5*q - 307. Calculate the remainder when r is divided by (-574)/(-21) + 4/6.
25
Let t(j) = 4 + 3*j + 0 - 4*j. Calculate the remainder when 18 is divided by t(-6).
8
Suppose -u - 16 = -52. What is the remainder when u is divided by 13?
10
Calculate the remainder when 36 is divided by (1*(12 - -1))/(-1 + 2).
10
Suppose 3*o - 3 = 0, 64 = 5*t + 3*o + o. What is the remainder when 69 is divided by t?
9
Let r = 52 + -31. Calculate the remainder when 60 is divided by r.
18
Let c(i) = 8*i - 4. Suppose 0*u - 3*u = -12. Suppose 8 = 4*z, 0*w = w + 2*z - 14. What is the remainder when c(u) is divided by w?
8
Suppose 18 = 6*v - 4*v. Let t = 72 - 56. What is the remainder when t is